ed by 27?
10
What is the remainder when 29980340 is divided by 389355?
5
Calculate the remainder when 1499809 is divided by 29996.
9
What is the remainder when 118370005 is divided by 39456668?
1
Calculate the remainder when 522724 is divided by 856.
564
What is the remainder when 52745 is divided by 1815?
110
Calculate the remainder when 21367379 is divided by 122801.
5
Calculate the remainder when 3019172 is divided by 210.
2
Calculate the remainder when 3129509 is divided by 1531.
145
Calculate the remainder when 23889 is divided by 2353.
359
Calculate the remainder when 107965 is divided by 400.
365
What is the remainder when 131577850 is divided by 2741205?
10
What is the remainder when 19776920 is divided by 23050?
20
Calculate the remainder when 160974 is divided by 1321.
1133
Calculate the remainder when 968551060 is divided by 32285035.
10
What is the remainder when 210918 is divided by 4147?
3568
Calculate the remainder when 30796 is divided by 298.
102
What is the remainder when 96948 is divided by 1093?
764
What is the remainder when 28636501 is divided by 76?
5
What is the remainder when 3471016 is divided by 292?
12
Calculate the remainder when 127537 is divided by 3102.
355
Calculate the remainder when 5485543 is divided by 808.
31
What is the remainder when 250598 is divided by 20344?
6470
Calculate the remainder when 188054 is divided by 56.
6
What is the remainder when 3981457 is divided by 10288?
1
What is the remainder when 102085 is divided by 50698?
689
What is the remainder when 55485215 is divided by 16?
15
What is the remainder when 10755137 is divided by 11665?
7
Calculate the remainder when 9322 is divided by 540.
142
What is the remainder when 124229 is divided by 713?
167
Calculate the remainder when 156339 is divided by 77815.
709
What is the remainder when 60671747 is divided by 5691?
5687
What is the remainder when 403834 is divided by 102?
16
What is the remainder when 2524648 is divided by 12?
4
What is the remainder when 315323578 is divided by 3341?
3339
What is the remainder when 2084299 is divided by 322?
315
What is the remainder when 38349 is divided by 1526?
199
Calculate the remainder when 138847 is divided by 445.
7
Calculate the remainder when 9257 is divided by 2453.
1898
Calculate the remainder when 88958 is divided by 10040.
8638
What is the remainder when 57050 is divided by 1676?
66
What is the remainder when 517259 is divided by 17811?
740
Calculate the remainder when 11507511 is divided by 396.
147
Calculate the remainder when 148611 is divided by 35422.
6923
Calculate the remainder when 6384224 is divided by 118226.
20
What is the remainder when 203420 is divided by 4618?
228
What is the remainder when 13110436 is divided by 2476?
16
What is the remainder when 16523 is divided by 1493?
100
What is the remainder when 2569807 is divided by 856595?
22
What is the remainder when 112342 is divided by 1908?
1678
Calculate the remainder when 545729 is divided by 16050.
29
What is the remainder when 2279879 is divided by 455965?
54
What is the remainder when 10974779 is divided by 95?
94
What is the remainder when 491746 is divided by 376?
314
Calculate the remainder when 14813471 is divided by 79642.
59
What is the remainder when 1230168 is divided by 1139?
48
What is the remainder when 850759 is divided by 632?
87
Calculate the remainder when 1392426 is divided by 23.
6
Calculate the remainder when 48227 is divided by 120.
107
What is the remainder when 59128375 is divided by 16?
7
What is the remainder when 3250660 is divided by 99?
94
Calculate the remainder when 2390806 is divided by 26564.
46
Calculate the remainder when 214138 is divided by 205.
118
Calculate the remainder when 158225124 is divided by 841623.
0
What is the remainder when 207362 is divided by 3911?
79
Calculate the remainder when 1551748 is divided by 22486.
214
Calculate the remainder when 56389336 is divided by 1462.
1458
What is the remainder when 1453047 is divided by 6727?
15
Calculate the remainder when 17186671 is divided by 1562424.
7
Calculate the remainder when 252835021 is divided by 9881.
9874
What is the remainder when 30902037 is divided by 30902026?
11
Calculate the remainder when 9889888 is divided by 13832.
8
Calculate the remainder when 211468 is divided by 637.
621
What is the remainder when 5046248 is divided by 2523112?
24
Calculate the remainder when 35116 is divided by 16838.
1440
What is the remainder when 1095307 is divided by 253?
70
What is the remainder when 8436030 is divided by 176?
174
What is the remainder when 263327 is divided by 3663?
3254
What is the remainder when 65231 is divided by 11411?
8176
What is the remainder when 40050 is divided by 508?
426
What is the remainder when 280945 is divided by 280922?
23
What is the remainder when 1236844 is divided by 26311?
227
Calculate the remainder when 1125379 is divided by 224.
3
What is the remainder when 4974 is divided by 3828?
1146
What is the remainder when 2352737 is divided by 139?
23
Calculate the remainder when 241824386 is divided by 151.
0
What is the remainder when 5547827 is divided by 101?
99
What is the remainder when 1605511 is divided by 53?
35
Calculate the remainder when 1152793 is divided by 137.
75
Calculate the remainder when 731404 is divided by 35.
9
What is the remainder when 23987648 is divided by 154?
146
Calculate the remainder when 48726744 is divided by 576.
24
What is the remainder when 6091984 is divided by 51?
34
What is the remainder when 192020 is divided by 37804?
3000
What is the remainder when 997616 is divided by 30?
26
What is the remainder when 1928915 is divided by 306?
197
What is the remainder when 194171 is divided by 863?
859
What is the remainder when 223276 is divided by 73934?
1474
Calculate the remainder when 47468 is divided by 510.
38
What is the remainder when 6283842 is divided by 1570953?
30
Calculate the remainder when 875320 is divided by 875308.
12
Calculate the remainder when 112308 is divided by 36724.
2136
Calculate the remainder when 58836 is divided by 3478.
3188
What is the remainder when 38773 is divided by 1921?
353
What is the remainder when 61569741 is divided by 144?
93
What is the remainder when 17821509 is divided by 17821507?
2
What is the remainder when 32622220 is divided by 68?
36
What is the remainder when 837196 is divided by 209281?
72
Calculate the remainder when 7671587 is divided by 27.
23
Calculate the remainder when 872629 is divided by 72.
61
Calculate the remainder when 98173376 is divided by 235.
11
What is the remainder when 5044 is divided by 1837?
1370
What is the remainder when 9280726 is divided by 353?
3
Calculate the remainder when 19366784 is divided by 169.
60
Calculate the remainder when 147609 is divided by 23195.
8439
What is the remainder when 5208370 is divided by 958?
682
Calculate the remainder when 800048 is divided by 1910.
1668
Calculate the remainder when 343451 is divided by 405.
11
Calculate the remainder when 2584395 is divided by 112.
107
Calculate the remainder when 41337 is divided by 607.
61
What is the remainder when 194545 is divided by 97221?
103
What is the remainder when 167249 is divided by 3768?
1457
Calculate the remainder when 2503332 is divided by 612.
252
Calculate the remainder when 1735956 is divided by 501.
492
What is the remainder when 1109589 is divided by 1109547?
42
What is the remainder when 33327979 is divided by 524?
7
Calculate the remainder when 2087897 is divided by 137.
17
What is the remainder when 53288 is divided by 50450?
2838
What is the remainder when 1904536 is divided by 22?
18
What is the remainder when 367245675 is divided by 11948?
11947
Calculate the remainder when 105432 is divided by 755.
487
What is the remainder when 86633203 is divided by 28877733?
4
Calculate the remainder when 98638592 is divided by 447.
443
What is the remainder when 281093 is divided by 40127?
204
What is the remainder when 2477163 is divided by 34?
25
What is the remainder when 2741824 is divided by 68?
64
Calculate the remainder when 24343 is divided by 228.
175
Calculate the remainder when 136236 is divided by 26786.
2306
Calculate the remainder when 9441423 is divided by 450.
423
What is the remainder when 1479750 